{"id":47,"date":"2024-05-29T14:54:37","date_gmt":"2024-05-29T12:54:37","guid":{"rendered":"https:\/\/investujeme.eu\/?page_id=47"},"modified":"2024-09-29T14:58:38","modified_gmt":"2024-09-29T12:58:38","slug":"kontakt-a-info","status":"publish","type":"page","link":"https:\/\/investujeme.eu\/?page_id=47","title":{"rendered":"Kontakt a info"},"content":{"rendered":"\n<p><\/p>\n\n\n\n<p>Tento web pouze zprost\u0159edkov\u00e1v\u00e1 n\u00e1kup zbo\u017e\u00ed t\u0159et\u00edch stran. Kliknut\u00edm na odkaz budete p\u0159esm\u011brov\u00e1ni na c\u00edlov\u00fd eshop kde budete sezn\u00e1meni s obchodn\u00edmi podm\u00ednkami i ochranou va\u0161ich osobn\u00edch \u00fadaj\u016f.<\/p>\n","protected":false},"excerpt":{"rendered":"<p>Tento web pouze zprost\u0159edkov\u00e1v\u00e1 n\u00e1kup zbo\u017e\u00ed t\u0159et\u00edch stran. Kliknut\u00edm na odkaz budete p\u0159esm\u011brov\u00e1ni na c\u00edlov\u00fd eshop kde budete sezn\u00e1meni s obchodn\u00edmi podm\u00ednkami i ochranou va\u0161ich osobn\u00edch \u00fadaj\u016f.<\/p>\n","protected":false},"author":1,"featured_media":0,"parent":0,"menu_order":0,"comment_status":"closed","ping_status":"closed","template":"","meta":{"footnotes":""},"class_list":["post-47","page","type-page","status-publish","hentry"],"_links":{"self":[{"href":"https:\/\/investujeme.eu\/index.php?rest_route=\/wp\/v2\/pages\/47","targetHints":{"allow":["GET"]}}],"collection":[{"href":"https:\/\/investujeme.eu\/index.php?rest_route=\/wp\/v2\/pages"}],"about":[{"href":"https:\/\/investujeme.eu\/index.php?rest_route=\/wp\/v2\/types\/page"}],"author":[{"embeddable":true,"href":"https:\/\/investujeme.eu\/index.php?rest_route=\/wp\/v2\/users\/1"}],"replies":[{"embeddable":true,"href":"https:\/\/investujeme.eu\/index.php?rest_route=%2Fwp%2Fv2%2Fcomments&post=47"}],"version-history":[{"count":2,"href":"https:\/\/investujeme.eu\/index.php?rest_route=\/wp\/v2\/pages\/47\/revisions"}],"predecessor-version":[{"id":73,"href":"https:\/\/investujeme.eu\/index.php?rest_route=\/wp\/v2\/pages\/47\/revisions\/73"}],"wp:attachment":[{"href":"https:\/\/investujeme.eu\/index.php?rest_route=%2Fwp%2Fv2%2Fmedia&parent=47"}],"curies":[{"name":"wp","href":"https:\/\/api.w.org\/{rel}","templated":true}]}}